List the prime factors of r.
11
Let j = 37 + -19. What are the prime factors of 2/(-9) - (-130)/j?
7
Let f be ((-4)/(-5))/((-12)/(-630)). Suppose 2*j - f = -j. What are the prime factors of j?
2, 7
Let d be (-5)/30 - 38/(-12). Suppose -d - 3 = -2*y. What are the prime factors of y?
3
Suppose f = 3*f - 4*c - 74, -3*f + 81 = 4*c. What are the prime factors of f?
31
Let x(z) = -z**2 + 1. Let o be x(2). Let k = 0 - o. Suppose 3*r - 43 = -2*p + 6*p, 0 = 5*r - k*p - 57. What are the prime factors of r?
3
Let f(v) = -v**3 - 4*v**2 - 3*v - 6. Let x be f(-4). Suppose -x - 3 = -3*z. Suppose 3 = -z*b + 12. List the prime factors of b.
3
Suppose 14*v - 339 = 11*v. What are the prime factors of v?
113
Let z = -38 - -83. List the prime factors of z.
3, 5
Let h(s) = -s + 3. Let i be h(-13). Let n = i - 1. What are the prime factors of n?
3, 5
Suppose z = -2*r + 5*r - 48, 3 = z. List the prime factors of r.
17
Let q(w) = -4*w - 12. List the prime factors of q(-8).
2, 5
Let b = -13 + 9. Let v = b - -6. List the prime factors of v.
2
Let o be (-5 - -6)*(-2 - -7). Suppose y = -2*h + 43, 5*h = -o*y + 2*h + 215. What are the prime factors of y?
43
Let j(t) be the first derivative of -t**2/2 - 4*t - 3. Let k be j(-5). Let x(b) = 2*b**3 + b**2. List the prime factors of x(k).
3
Let u(d) = d**2 + d - 1. Let f(b) = 4*b**2 + 13*b + 1. Let i(n) = f(n) - 5*u(n). Let o be i(8). List the prime factors of (-5 - -2)*(-8)/o.
2
Let y(n) = -n**3 + 9*n**2 - 6*n - 9. Let f be y(8). Let j(s) = s**3 - 8*s**2 + 6*s + 7. Let h be j(f). Suppose -t + 0*t + 13 = h. List the prime factors of t.
13
Suppose 8*x + 138 = 10*x. List the prime factors of x.
3, 23
Let u(d) = d + 0*d - 13 + 29. What are the prime factors of u(-9)?
7
Let o(d) = d**3 - 10*d**2 - 11*d + 2. Let q = -17 - -28. List the prime factors of o(q).
2
Let k(g) be the second derivative of g**4/12 - 2*g**3/3 - 5*g**2/2 + 3*g. Let x be k(5). Suppose -2*p + p + 8 = x. List the prime factors of p.
2
Suppose 16*z + 558 = 25*z. List the prime factors of z.
2, 31
Suppose 24*j = 27*j - 132. List the prime factors of j.
2, 11
Let q = -12 + 18. List the prime factors of q.
2, 3
Suppose 3*a - 4 = n, -5*n + 6 = -a - a. Suppose -2*i = 5*u - 0*i, 0 = -4*u + n*i. Suppose u = q - 1 - 2. What are the prime factors of q?
3
Let i be ((-10)/8)/(3/(-12)). Let h(c) = -i*c - 3 + 2*c - 6. List the prime factors of h(-6).
3
Suppose -6*g + 4*g = 2*b - 4, g = b - 8. List the prime factors of b.
5
Let l = -5 - -8. List the prime factors of 2/6*126/l.
2, 7
Let s(a) = -69*a + 2. List the prime factors of s(-1).
71
Let t(w) be the first derivative of -w**4/4 + 17*w**3/3 - 8*w**2 + 22*w + 8. List the prime factors of t(16).
2, 11
Let o(y) = y**3 + 6*y**2 + 6. Let g be o(-6). Suppose g*n - 8 = 2*n. Suppose 5*t = v - 20, -n*t = 5*v - 12 - 7. What are the prime factors of v?
5
Suppose 220 = 2*l + 4*p, -3*l - 2*l - p = -514. List the prime factors of l.
2, 3, 17
Suppose 4*a - 207 = -6*q + q, -4*a + q + 213 = 0. List the prime factors of a.
53
Let b(z) = 1 - 3*z + 4*z - 4*z. Let y be b(2). Let a(g) = -2*g - 7. List the prime factors of a(y).
3
Let b = -62 + 224. What are the prime factors of b?
2, 3
Suppose -165 = -5*k - 5*z, -k + 4*k - 103 = -4*z. What are the prime factors of k?
29
Let j(i) = 60*i + 2. List the prime factors of j(2).
2, 61
Let u(r) = r**3 - 8*r**2 + 8*r - 4. Let j be u(7). Suppose -4*c - c + 4*y = -137, j*y - 122 = -4*c. What are the prime factors of c?
29
Suppose -55 = -o + v + 160, 2*v = -3*o + 645. What are the prime factors of o?
5, 43
Suppose 0 = 3*x - 2*x + 4. Let i be 269/5 + x/(-20). Suppose 2*y + f = 22 + 6, 4*y + 3*f - i = 0. List the prime factors of y.
3, 5
Let r(a) = -a**2 + 4*a + 3. Let v be r(5). Let x be ((-1)/(-3))/(v/(-156)). Suppose -x = -2*w - 10. What are the prime factors of w?
2
Let n be (-15)/12*(3 - -1). Let g be 52/(-12)*(-3 - 0). Let h = n + g. List the prime factors of h.
2
Let x(s) = -s**2 - 7*s + 9. Let w be x(-7). Suppose -y + 5*c = -14 - w, 3*c + 39 = 2*y. List the prime factors of y.
2, 3
Let a = 12 - 9. Suppose 60 = a*l - l. What are the prime factors of l?
2, 3, 5
Suppose 52 - 214 = -3*c. List the prime factors of c.
2, 3
Let r(x) = 2*x**2 - 2*x - 1. Let n be r(2). Suppose -n*m + 20 = m. What are the prime factors of m?
5
Let v be 1 + 1 + -2 - -2. Suppose v*z - 4*z = 4*c - 10, -5 = 5*z. Suppose 0*y + 15 = c*y. What are the prime factors of y?
5
Suppose -8*j = -1105 - 567. List the prime factors of j.
11, 19
Let g(o) = 26*o**2 - 1. Let x(s) = 27*s**2 - 1. Let n(a) = 7*g(a) - 6*x(a). What are the prime factors of n(-1)?
19
Suppose -4*w + 6 = 2. Let g = 17 - w. List the prime factors of g.
2
Suppose 2*a = 2*j + 184, -j = -a + 2*j + 86. What are the prime factors of a?
5, 19
Let d(v) = 5*v**2 - v - 1. List the prime factors of d(3).
41
Let c = 164 - 60. What are the prime factors of c?
2, 13
Suppose 3*m - 11 - 7 = -3*y, 0 = 4*y - 12. Let j = m + 27. List the prime factors of j.
2, 3, 5
Let d = 1 - 0. Let s = d - -4. What are the prime factors of s?
5
Let s(y) = -y**3 - 13*y**2 + 10. Suppose -2*g - 2*g + 16 = 0, 38 = -2*c + 3*g. List the prime factors of s(c).
2, 5
What are the prime factors of 24 + 201 + -4*(0 - 1)?
229
Let z(n) = 169*n**2 + 8*n + 8. List the prime factors of z(-1).
13
Let i(f) = -18*f**3 - f**2 - f - 1. What are the prime factors of i(-1)?
17
Let n(l) = l**3 + l**2 + 1. What are the prime factors of n(2)?
13
What are the prime factors of 3/(-7) + 150/7?
3, 7
Let l = 4 - -10. List the prime factors of l.
2, 7
Let v be 1/3 + 60/(-18). Let t = v + 19. What are the prime factors of t?
2
Let z(m) be the first derivative of -m**3/2 - m**2 - 3*m + 4. Let k(j) be the first derivative of z(j). What are the prime factors of k(-3)?
7
Let r(g) = -g**2 + 0*g**2 - 3 + 8*g + 2*g**2 - 7*g. List the prime factors of r(-4).
3
Let a(w) be the first derivative of -5*w**2 + 2. Let p be a(-5). Suppose p = 2*b + 3*b. List the prime factors of b.
2, 5
Let m = 47 - 24. Let s = m - 21. List the prime factors of s.
2
Suppose -2*i + 536 = i + 2*t, -3*i + 532 = t. Let g = 42 - 15. List the prime factors of 6/g - i/(-18).
2, 5
Let l be 1 - (-5 + 1 - -2). Let u(x) = 4*x**2 - 3*x - 4. List the prime factors of u(l).
23
Let n = 40 + -29. Suppose 5*x = -y - 2*y - 13, -5*y - x + 15 = 0. Let q = n - y. What are the prime factors of q?
7
Let p(t) = -t - 2. Let s be p(4). Let r = s - -8. Suppose 20 = -r*j + 4*j. What are the prime factors of j?
2, 5
Let l(a) = -a + 4. Suppose k = 8*k + 42. List the prime factors of l(k).
2, 5
Let x be 390/20 + 2/4. List the prime factors of x/8*28/10.
7
Let b be 1 + (3 + 1)/4. What are the prime factors of (-21 - b)*(-3 - -2)?
23
Suppose -5*x - z = -130, 2*x + 0*z = -4*z + 52. What are the prime factors of x?
2, 13
Suppose -4*r = -5*y + 15 - 228, -2*r - 5*y + 69 = 0. List the prime factors of r.
47
Suppose -2*g + 13 = -7. What are the prime factors of g?
2, 5
Suppose -22*j = -32*j + 340. List the prime factors of j.
2, 17
List the prime factors of (-10)/45 - (-245)/9.
3
Suppose 4*v - 18 = o + o, -5*o = -5*v + 20. Suppose -3*f + 10 + v = -4*i, 20 = -5*i + 5*f. Let y = i - -6. What are the prime factors of y?
3
Let t(d) = -d**2 - 13*d - 14. Let y be t(-11). Suppose -3*l = -y*l + 95. What are the prime factors of l?
19
Suppose 31 + 5 = -4*b + 3*g, 3*b + g + 14 = 0. List the prime factors of 3/(0 - b/40).
2, 5
Let y be (-28)/(-3)*9/2. Let d = y + -27. List the prime factors of d.
3, 5
Suppose 0 = 5*c + 2*z + 3*z, -5*z = -2*c + 21. List the prime factors of 4/(24/c)*58.
29
Suppose 3*v - 45 = -5*g + 49, -4*g = 16. List the prime factors of v.
2, 19
Let q(u) = u**2 + u + 26. List the prime factors of q(0).
2, 13
Let d(y) = y**3 + 8*y**2 + 6*y - 2. Let z be d(-5). Suppose -5*r + z = -57. What are the prime factors of r?
2, 5
Let v = 346 - 191. Suppose -7*o = -2*o - v. What are the prime factors of o?
31
Suppose -5*a = -10 - 15. Let r = 24 - a. List the prime factors of r.
19
Let l(a) = -a**3 - 3*a**2 - a - 3. Let f be l(-3). Let n = f - -3. What are the prime factors of n?
3
Let y(q) be the third derivative of q**4/3 + 2*q**2. Let h be y(-3). Let r = -17 - h. What are the prime factors of r?
7
Let q(p) = -3*p**2 + 2. Let l be q(-4). What are the prime factors of l/(-3)*(-3)/(-2)?
23
Suppose -5*b - 12 =